3 - 5*g**2 - 5*g - 2. Suppose -3*n - 2*t + 3 = 3*t, 4*n - 5*t + 31 = 0. Determine q(n).
2
Suppose m + 2 = 4*n + 3, 3*m - n = -19. Let r(k) = 134 + 5*k - 139 - 3*k - 3*k. What is r(m)?
2
Suppose -18 = -111*p + 120*p. Let z(m) = -m**2 - 2*m + 1. What is z(p)?
1
Let v(r) = 2*r - 1. Let g(b) = -2*b - 11. Let x(t) = -g(t) + v(t). Calculate x(-5).
-10
Let r(b) = 18 - 2 - 10 - 11 + 6*b. Let y(o) = 1. Let u(c) = r(c) + 2*y(c). Give u(2).
9
Let a(u) be the third derivative of u**7/2520 + u**6/240 - u**5/60 + 5*u**4/12 - u**2. Let n(l) be the second derivative of a(l). Determine n(-2).
-4
Let y(w) = -3*w**2 + 4*w - 5. Let m = -1347 - -1350. Give y(m).
-20
Let k(n) = -10*n + 15. Let m(y) = 8*y - 18. Let a(x) = -5*k(x) - 4*m(x). Calculate a(-1).
-21
Let j(x) be the second derivative of x**5/20 - x**2 - 4*x. Suppose 3*q + 2*q - 5 = -l, -3*l = 5*q - 15. Determine j(q).
-2
Let q(f) = -6 + 11 - 5*f - 21*f + 1. Let a(d) = 14*d - 3. Let k(i) = 11*a(i) + 6*q(i). Give k(-4).
11
Let c(d) = -11*d**2. Suppose 15 = -3*a + 69. Let v(y) = y**3 - y**2 + 19. Let p be v(0). Let s = p - a. Determine c(s).
-11
Suppose 2*q = 4*q + 3*a + 27, a = -5. Let m(o) = 6*o + 38. What is m(q)?
2
Let j be (-1)/(-1)*1*2. Suppose j*c + 5*f = -11, -c + 3*f = f - 8. Suppose c*s + 10 = 0, 5*s = 2*b - 4*b - 29. Let q(l) = l**2 + 5*l + 3. What is q(b)?
-3
Let o(t) = -41 + 21 + 18 + t. Suppose -g - 7 = 2*l - 2, 5*g = 4*l - 25. Let q = 3 + l. Calculate o(q).
1
Let x(i) = 2*i - 10. Let v = 283 - 277. Calculate x(v).
2
Suppose -15*a - 12 = -57. Let y(x) = x**3 - 2*x**2 - x - 4. Determine y(a).
2
Let l(j) be the first derivative of j**5/20 - j**4/3 + j**3/6 + 25*j + 6. Let r(y) be the first derivative of l(y). Calculate r(3).
-6
Let c(r) = 2*r**3 + 4*r**2 - r - 6. Let h(z) = -5*z**3 - 7*z**2 + z + 12. Let j(v) = -7*c(v) - 3*h(v). Let m = 5 + 1. Give j(m).
-6
Let d(b) = 2*b + 8. Let t(i) be the first derivative of i**2/2 + 8*i + 13. Let q(h) = -2*d(h) + 3*t(h). Give q(11).
-3
Let h(s) = s - 2. Let c(b) = -8*b + 20. Let r(y) = c(y) + 6*h(y). What is r(6)?
-4
Let h be 2 - (5 - 5 - -8). Let y(g) = -g**3 - 5*g**2 + 7*g - 8. Calculate y(h).
-14
Suppose 0 = c - 3*c - 2. Let y(o) be the third derivative of o**7/630 - o**6/720 + o**5/20 - 3*o**2. Let r(n) be the third derivative of y(n). What is r(c)?
-9
Let y(i) = -3*i**2 - i + 1. Suppose 0 = -12*u + 7*u - 25. Let g(n) = -9*n - 44. Let q be g(u). Calculate y(q).
-3
Let i(n) = 7*n**3 + n**2 - 15*n**2 - 2*n**3 + n. Let p(a) = 4*a**3 - 13*a**2 + 2*a. Let f(g) = 5*i(g) - 6*p(g). What is f(-9)?
-18
Suppose -12 + 2 = -2*w. Let r(c) = 2*c. Let l(i) = i. Let f(u) = l(u) - r(u). Calculate f(w).
-5
Suppose 3*j - 56 = 4*l - 9, -21 = 2*l - j. Let b = -7 - l. Let f(y) = -4*y + 0*y + 1 + 3*y. Determine f(b).
0
Let r = 433 - 433. Let s(m) = -m - 2. Calculate s(r).
-2
Let k(x) = -x - 10. Let r = 289 + -180. Let c = -109 + r. Give k(c).
-10
Suppose 17*z + 15 = 20*z. Let l(n) = -n**2 + 3*n. What is l(z)?
-10
Suppose -372*x = -360*x - 132. Let w(c) = c - 14. Give w(x).
-3
Suppose -2*a + 16 = 8. Let p(k) = -k + 2. Give p(a).
-2
Let h(p) = 0 - 1 - p + 2 - 3. Let x(r) = r**3 - 3*r**2 - 21*r + 12. Let k be x(6). What is h(k)?
4
Let x(z) be the third derivative of -z**5/60 + z**4/3 - 4*z**3/3 - 26*z**2. Calculate x(7).
-1
Let u be (-21)/(-15) + -2*(-4)/(-20). Let z(x) = 2*x**3 + x**2 - x + 1. Give z(u).
3
Let v(y) = 2*y**2 - 21*y - 1. Let n be v(11). Let t be ((-65)/n - -6) + 1/2. Let g(k) = k**2 - k + 21. Calculate g(t).
21
Let u(h) = -7*h - 1. Let j(k) = -k**2 - 90*k - 346. Let c be j(-4). Determine u(c).
13
Let u(z) = -4*z - 4*z**3 + 0*z - 4*z**2 + 6*z**3 - 3*z**3. Determine u(-3).
3
Let n(o) = o**2 + 6*o + 2. Let c(g) = -1. Let k(y) = -3*c(y) + n(y). Let p(r) = r**3 + 18*r**2 + 21*r + 63. Let w be p(-17). Give k(w).
0
Let s(n) = 14*n + 7. Let a be s(0). Let b(l) = -l - 4. Give b(a).
-11
Let u(k) = -2*k**2 + 7*k - 5. Let f(x) = -x**3 + 6*x**2 + 15*x + 11. Let n be f(8). Let h = 16 + -9. Suppose 4*s = -n*z + h, -3*s - 3*z = 2*z + 3. What is u(s)?
-9
Let r(i) be the second derivative of 0*i**2 + 0 - 1/6*i**3 - 1/12*i**4 - 15*i. Let k be 2 + (-1)/3*-3. What is r(k)?
-12
Let a be (-2 + 10)/4 + -2. Suppose a = -5*n - 3*t + 11 - 1, 2*n + 27 = 5*t. Let w be 4*(-2 + n + 2). Let z(f) = 3*f. What is z(w)?
-12
Let a(k) = -5*k**3 + 21*k**2 - 9*k - 4. Let t(o) = -6*o**3 + 22*o**2 - 10*o - 5. Let u(d) = 3*a(d) - 2*t(d). What is u(6)?
-8
Let j(r) = -3*r**2 + r - 1. Let l(b) = b + 30. Let x be l(-32). Calculate j(x).
-15
Suppose -11*t + 36 = -23*t. Let h(u) = -u**2 - 2*u + 6. Determine h(t).
3
Suppose 0 = 2*m - 9*m + 28. Let l(c) = -3*c + 4. What is l(m)?
-8
Let b(v) = v**3 + 12*v**2 + 12*v - 4. Let k be b(-11). Let u be (-10)/k*(-3)/(-2). Let x(y) = -4*y**3 - y**2 + 2*y - 1. Calculate x(u).
-4
Let j be (-13 - 340/(-40))*(-16)/18. Let v(n) = 4*n - 16. What is v(j)?
0
Let k(a) = -a - 10. Let z be k(-11). Suppose q - z = d, 0*d + 3*d = -3*q + 21. Let p(t) = 7*t - 9*t + 8 + q*t - t**3 - 6*t**2. Give p(-6).
-4
Let r(x) = -x**2 + 10*x - 7. Let u = -7 + 11. Suppose u*y = 33 - 9. Calculate r(y).
17
Let l be (-2)/(-2) + -4 + 28. Let i = 25 - l. Let b(y) = -y**3 - y + 1. Give b(i).
1
Let z(l) = l + 1. Let t be z(-1). Suppose -3*h + t*h = 0. Let r(p) = -13*p**2 + 7. Let a(c) = 32*c**2 - 14. Let k(m) = -2*a(m) - 5*r(m). Give k(h).
-7
Let q = 329 + -335. Let a(d) = -d**2 - 8*d - 11. Calculate a(q).
1
Let f(w) = -w - 2. Suppose 2*r = 5*r - 3. Let u be 4/6*(-81)/(-18). Suppose -r = -u*p - 13. Determine f(p).
2
Let j(n) = 11*n + 7. Let i(d) = -10*d - 9. Let q(u) = -3*i(u) - 4*j(u). Calculate q(1).
-15
Let f(m) = m**3 + 4*m**2 + 1. Let o = 1137 + -1139. Determine f(o).
9
Suppose -19*z - 20*z = -36*z. Let g(y) = -y**3 - 3. Calculate g(z).
-3
Let j(g) be the second derivative of g**3/6 + 5*g**2 + g. Let d be -4 + 0 + (-5 - (-7 - -6)). Give j(d).
2
Let p(w) be the second derivative of -1/2*w**2 + 31*w + 8/3*w**3 + 0. Calculate p(-1).
-17
Let b(r) = r**2 + 2*r - 9. Let k(m) = 9 + 89*m**2 + 3*m - 6*m - 90*m**2. Let h(u) = -3*b(u) - 4*k(u). Determine h(-7).
-2
Suppose -d + 4*t = 0, -4*d - 4*t = -d. Suppose d = 3*z - 7*z + 32. Let k(i) = -8*i - 8 - i**3 - z*i**2 + 0 + i**2. What is k(-6)?
4
Let y(a) be the first derivative of 1/40*a**5 + 5 + 0*a + 0*a**2 + 1/360*a**6 - 1/3*a**3 + 1/24*a**4. Let z(p) be the third derivative of y(p). Determine z(-2).
-1
Let c(a) = 7*a + 36. Let y(l) = 20*l + 97. Let j(x) = 11*c(x) - 4*y(x). Calculate j(5).
-7
Let h(s) be the second derivative of -3/2*s**2 - 1/2*s**3 + 0 + 1/8*s**4 - 8*s. Let t(r) be the first derivative of h(r). What is t(3)?
6
Let h(k) = 54*k**2. Suppose -37*i = -35*i + n, 0 = -4*i - 3*n - 2. Give h(i).
54
Let y = -31 + 34. Let q(c) = -1 + 5*c - c**2 - y*c - 2 + 4. Determine q(2).
1
Let o(k) = 2*k**3 - 8 + 7*k - k**3 + 11*k**2 - 2*k**2. Let z be -8 + (-10 - -12) + 8/(-4). Determine o(z).
0
Suppose -2*c + 14 = 5*c. Let s(f) = f**c + 636*f - 1 - 636*f. Determine s(2).
3
Suppose 1 = -4*m - 3*x, -3*x = 5*m - 2 + 1. Let d(g) = -g - g**m + 1 - 20 + 5. Let a = 1 - 1. Give d(a).
-14
Let u be 8/16 - (-3)/(-2). Let q(r) = -6*r**3 - 2*r**2 - r. What is q(u)?
5
Let n(t) = t**2 + t - 41. Let r(p) = 8*p - 80. Let m be r(10). Determine n(m).
-41
Let l(b) = b**2 - b - 1. Let n be 33/(-11) - (-8 + -1). Let y be n/1*(-2)/(-6). Suppose -3*j = j - 2*v + y, v - 9 = -2*j. What is l(j)?
1
Let l(c) be the first derivative of c**3/3 - 11*c**2/2 - 13*c - 117. What is l(11)?
-13
Suppose -4*k - 4*b = 28, -2*k + 6*k - 4*b = -20. Let d(r) = -3 - 9 - 10*r - r**2 + 3. Give d(k).
15
Let g = -3 - -11. Let p(n) = -15 + g + 12 + 7 + n. Give p(0).
12
Let c(x) = -4*x - 3. Let m = 15 + -14. Suppose -3 = -u + m. Suppose 2*v + u*k = 3 - 11, -2*v - k = 5. Calculate c(v).
5
Let j(u) = u**2 + 4. Let z = 17 + 8. Let x be 505/z - (-1)/(-5). Let d = -20 + x. Determine j(d).
4
Let j(b) = -6*b - b - 3*b + 9*b. Let p(h) = h**2 - h - 1. Let g be p(-1). Determine j(g).
-1
Let a(r) be the second derivative of 35*r**4/12 + r**3/3 - 5*r**2/2 - 7*r. Let d(t) = 17*t**2 + t - 2. Let h(g) = 3*a(g) - 7*d(g). Give h(-1).
-14
Let c be (-62)/(-1*(-3 + 5)). Let p = 14 - c. Let q = p - -24. Let h(x) = -x + 3. Give h(q).
-4
Let c be 6*-1*2/3. Let w(g) = -11*g**3 + 3*g - 5. Let u(f) = 13*f**3 - f**2 - 4*f + 5. Let b(n) = -5*u(